when 35650 is divided by 12.
10
Calculate the remainder when 5600 is divided by 295.
290
What is the remainder when 671 is divided by 96?
95
Calculate the remainder when 4723 is divided by 94.
23
What is the remainder when 3383 is divided by 309?
293
Calculate the remainder when 56215 is divided by 18736.
7
Calculate the remainder when 40814 is divided by 471.
308
Calculate the remainder when 3631 is divided by 3606.
25
What is the remainder when 22812 is divided by 43?
22
Calculate the remainder when 24277 is divided by 12134.
9
Calculate the remainder when 12312 is divided by 90.
72
Calculate the remainder when 338960 is divided by 157.
154
What is the remainder when 2687 is divided by 933?
821
Calculate the remainder when 491 is divided by 43.
18
What is the remainder when 5909 is divided by 37?
26
What is the remainder when 3746266 is divided by 22?
18
What is the remainder when 47312 is divided by 10?
2
Calculate the remainder when 16616 is divided by 1399.
1227
Calculate the remainder when 9869 is divided by 3278.
35
What is the remainder when 620 is divided by 122?
10
What is the remainder when 76919 is divided by 38447?
25
Calculate the remainder when 1624 is divided by 1574.
50
Calculate the remainder when 320 is divided by 299.
21
What is the remainder when 2879 is divided by 220?
19
What is the remainder when 42187 is divided by 45?
22
Calculate the remainder when 16004 is divided by 17.
7
Calculate the remainder when 13391 is divided by 13388.
3
Calculate the remainder when 4321 is divided by 615.
16
What is the remainder when 143451 is divided by 144?
27
Calculate the remainder when 10012 is divided by 927.
742
What is the remainder when 2060719 is divided by 30?
19
Calculate the remainder when 1907 is divided by 632.
11
Calculate the remainder when 282409 is divided by 38.
31
What is the remainder when 13533 is divided by 59?
22
Calculate the remainder when 27775 is divided by 92.
83
Calculate the remainder when 1996 is divided by 301.
190
Calculate the remainder when 2926 is divided by 2681.
245
Calculate the remainder when 128122 is divided by 26.
20
Calculate the remainder when 10712 is divided by 188.
184
Calculate the remainder when 2553 is divided by 849.
6
What is the remainder when 220678 is divided by 44135?
3
Calculate the remainder when 8396 is divided by 129.
11
What is the remainder when 30329 is divided by 2507?
245
What is the remainder when 4433 is divided by 994?
457
What is the remainder when 13547 is divided by 17?
15
What is the remainder when 246648 is divided by 28?
24
What is the remainder when 119345 is divided by 1011?
47
Calculate the remainder when 42790 is divided by 81.
22
Calculate the remainder when 635609 is divided by 12223.
13
What is the remainder when 653 is divided by 75?
53
Calculate the remainder when 23622 is divided by 11804.
14
What is the remainder when 16020 is divided by 16012?
8
Calculate the remainder when 8437 is divided by 2106.
13
Calculate the remainder when 18346 is divided by 9170.
6
What is the remainder when 20875 is divided by 3476?
19
Calculate the remainder when 17378 is divided by 316.
314
What is the remainder when 60707 is divided by 821?
774
Calculate the remainder when 16102 is divided by 204.
190
Calculate the remainder when 430 is divided by 6.
4
What is the remainder when 1774 is divided by 127?
123
What is the remainder when 5966 is divided by 138?
32
Calculate the remainder when 36432 is divided by 549.
198
What is the remainder when 10116 is divided by 197?
69
What is the remainder when 1988 is divided by 802?
384
Calculate the remainder when 1660 is divided by 18.
4
What is the remainder when 33011 is divided by 1435?
6
What is the remainder when 6859 is divided by 2277?
28
Calculate the remainder when 584899 is divided by 25.
24
What is the remainder when 53511 is divided by 283?
24
What is the remainder when 828 is divided by 371?
86
What is the remainder when 1096 is divided by 35?
11
What is the remainder when 3379 is divided by 253?
90
What is the remainder when 4631 is divided by 392?
319
Calculate the remainder when 3938 is divided by 3820.
118
Calculate the remainder when 27158 is divided by 610.
318
Calculate the remainder when 7687 is divided by 130.
17
Calculate the remainder when 1924 is divided by 960.
4
Calculate the remainder when 117908 is divided by 107.
101
What is the remainder when 8604 is divided by 246?
240
What is the remainder when 593035 is divided by 15?
10
What is the remainder when 169215 is divided by 56394?
33
What is the remainder when 8799 is divided by 44?
43
What is the remainder when 58004 is divided by 28973?
58
What is the remainder when 50148 is divided by 1115?
1088
What is the remainder when 88126 is divided by 2517?
31
What is the remainder when 686 is divided by 491?
195
Calculate the remainder when 11480 is divided by 173.
62
Calculate the remainder when 12434 is divided by 3106.
10
What is the remainder when 3725 is divided by 66?
29
Calculate the remainder when 282086 is divided by 13.
12
Calculate the remainder when 2048 is divided by 58.
18
What is the remainder when 2203 is divided by 21?
19
Calculate the remainder when 2403840 is divided by 39.
36
What is the remainder when 3731 is divided by 1218?
77
Calculate the remainder when 777 is divided by 29.
23
What is the remainder when 5447 is divided by 313?
126
Calculate the remainder when 44477 is divided by 4446.
17
Calculate the remainder when 175474 is divided by 58486.
16
Calculate the remainder when 349532 is divided by 5140.
12
Calculate the remainder when 8952 is divided by 767.
515
What is the remainder when 780 is divided by 203?
171
What is the remainder when 2386 is divided by 1173?
40
What is the remainder when 53767 is divided by 1919?
35
Calculate the remainder when 11082 is divided by 72.
66
What is the remainder when 24177 is divided by 2684?
21
What is the remainder when 685079 is divided by 173?
172
What is the remainder when 13870 is divided by 2774?
0
What is the remainder when 113048 is divided by 323?
321
What is the remainder when 62248 is divided by 259?
88
Calculate the remainder when 2111 is divided by 2062.
49
What is the remainder when 298891 is divided by 462?
439
What is the remainder when 56568 is divided by 1572?
1548
Calculate the remainder when 72217 is divided by 60.
37
Calculate the remainder when 81968 is divided by 8.
0
Calculate the remainder when 193 is divided by 10.
3
Calculate the remainder when 476233 is divided by 95.
93
Calculate the remainder when 38264 is divided by 5.
4
Calculate the remainder when 6374 is divided by 6315.
59
Calculate the remainder when 11902 is divided by 97.
68
What is the remainder when 21038 is divided by 162?
140
Calculate the remainder when 11216 is divided by 3168.
1712
Calculate the remainder when 12425 is divided by 238.
49
What is the remainder when 13293 is divided by 41?
9
Calculate the remainder when 7475 is divided by 707.
405
What is the remainder when 5385 is divided by 669?
33
Calculate the remainder when 700570 is divided by 140114.
0
What is the remainder when 2999 is divided by 248?
23
Calculate the remainder when 1427 is divided by 1389.
38
Calculate the remainder when 231951 is divided by 14.
13
What is the remainder when 6049 is divided by 51?
31
What is the remainder when 50228 is divided by 1225?
3
What is the remainder when 27666 is divided by 282?
30
Calculate the remainder when 3261740 is divided by 7.
6
Calculate the remainder when 2760 is divided by 64.
8
What is the remainder when 3113 is divided by 36?
17
Calculate the remainder when 167612 is divided by 23.
11
Calculate the remainder when 16268 is divided by 1657.
1355
Calculate the remainder when 5225 is divided by 262.
247
Calculate the remainder when 11659 is divided by 613.
12
What is the remainder when 62256 is divided by 47?
28
Calculate the remainder when 841 is divided by 219.
184
Calculate the remainder when 11342 is divided by 162.
2
What is the remainder when 14152 is divided by 1414?
12
What is the remainder when 336 is divided by 29?
17
What is the remainder when 2024 is divided by 1618?
406
What is the remainder when 5437037 is divided by 2128?
2125
What is the remainder when 22983 is divided by 68